is 35c + 6?
365
In base 4, what is 11 + 3?
20
In base 10, what is 469 + 1?
470
In base 4, what is 13 + -33?
-20
In base 9, what is 3 + -423?
-420
In base 4, what is -103100 - 10?
-103110
In base 3, what is 0 + -1221?
-1221
In base 15, what is -e + -388?
-397
In base 4, what is 2031110 + 10?
2031120
In base 11, what is -4 + 82?
79
In base 5, what is -1 + 1004?
1003
In base 10, what is 5 + 21?
26
In base 12, what is 0 + 48?
48
In base 11, what is 3 + 1a?
22
In base 14, what is 3 + 3a4?
3a7
In base 3, what is -110 - -10022?
2212
In base 2, what is 1011111100 - -1?
1011111101
In base 9, what is 16 + 13?
30
In base 15, what is 1085 - -8?
108d
In base 9, what is -220 - 46?
-266
In base 10, what is 4 - 1269?
-1265
In base 9, what is -227 + 6?
-221
In base 14, what is 81c + -d?
80d
In base 7, what is -24 - -13?
-11
In base 5, what is -11134 + -13?
-11202
In base 3, what is -100 + -12000?
-12100
In base 16, what is e - -7?
15
In base 4, what is 3 - -22?
31
In base 13, what is -a9 - 2a?
-106
In base 9, what is 8333 + 4?
8337
In base 12, what is -623 + -4?
-627
In base 7, what is 3 + -6?
-3
In base 12, what is 15 - 27?
-12
In base 15, what is 4 + -1d9d?
-1d99
In base 16, what is -9d - -4?
-99
In base 9, what is 16 - 170?
-153
In base 10, what is -2867 - -1?
-2866
In base 5, what is 3 + -231?
-223
In base 10, what is -261 - -5?
-256
In base 11, what is -32a + 20?
-30a
In base 14, what is -1d4d - -5?
-1d48
In base 5, what is 2 - -143412?
143414
In base 8, what is -406 + -3?
-411
In base 16, what is 15f + -4?
15b
In base 10, what is 5 + -877?
-872
In base 5, what is 1321 - -30?
1401
In base 13, what is 87 - -3b?
c5
In base 12, what is -34 - -61?
29
In base 4, what is -10110 + 112?
-3332
In base 11, what is -3 - -483?
480
In base 4, what is 1033 - 13?
1020
In base 5, what is 13 - -2243?
2311
In base 14, what is -3 - -89?
86
In base 14, what is d + -1b?
-c
In base 16, what is 2c + -7?
25
In base 4, what is -120 + 3?
-111
In base 10, what is -5 - -105?
100
In base 9, what is 2 - -552?
554
In base 4, what is -303 + -23?
-332
In base 6, what is 0 + -152?
-152
In base 4, what is -2 + -222320?
-222322
In base 9, what is 11 - 27?
-16
In base 8, what is -12 - 303?
-315
In base 11, what is -1 + 71?
70
In base 3, what is -10 - 100121?
-100201
In base 3, what is -10 - -102?
22
In base 7, what is -352 - -5?
-344
In base 14, what is 3 - -596?
599
In base 3, what is 101121 - 12?
101102
In base 5, what is -123 + -3?
-131
In base 6, what is -10 + 31?
21
In base 7, what is 155 - 30?
125
In base 4, what is 11 + 1?
12
In base 7, what is -3311 - 5?
-3316
In base 3, what is 2221121 + 11?
2221202
In base 15, what is -53 - 0?
-53
In base 16, what is ff - 7?
f8
In base 3, what is -12012 + -11021?
-100110
In base 11, what is 546 - 4?
542
In base 5, what is 44412 + -3?
44404
In base 12, what is 26 - 4?
22
In base 7, what is 1104 - 4?
1100
In base 15, what is -51 + e?
-42
In base 12, what is -37 - -2a8?
271
In base 10, what is 3 + 155?
158
In base 13, what is 265 - 31?
234
In base 5, what is 103114 + 4?
103123
In base 13, what is -153 - 5?
-158
In base 13, what is 36 + 1c7?
230
In base 7, what is 10 - -362?
402
In base 8, what is -1734 - -5?
-1727
In base 11, what is -576 + 4?
-572
In base 15, what is -21b + -4?
-220
In base 16, what is 3 - -7?
a
In base 12, what is -11 + 0?
-11
In base 6, what is -3 + 224?
221
In base 7, what is -23 - 416?
-442
In base 13, what is -10 + a?
-3
In base 10, what is 19 + 7?
26
In base 5, what is 11 + 130?
141
In base 15, what is c0 - -3?
c3
In base 4, what is 11 + 211?
222
In base 7, what is 6 - -3356?
3365
In base 5, what is -2 - 3430?
-3432
In base 4, what is -302 + 30?
-212
In base 9, what is 65 - 1?
64
In base 11, what is 1 - 685?
-684
In base 9, what is 2 - 61?
-58
In base 2, what is 10110000 - -11?
10110011
In base 10, what is 27 - 162?
-135
In base 4, what is 1 - -2311?
2312
In base 6, what is -4 + -105?
-113
In base 14, what is 1 - 1d?
-1c
In base 6, what is 1551 - 21?
1530
In base 9, what is 5 + -63?
-57
In base 8, what is -32 + -43?
-75
In base 13, what is -10a - -4?
-106
In base 9, what is -226 - -5?
-221
In base 15, what is 2aa + -2?
2a8
In base 14, what is 1aa - -19?
1c5
In base 2, what is -1111110 + 1101011?
-10011
In base 16, what is 637 + -3?
634
In base 3, what is -112010102 - -12?
-112010020
In base 11, what is 3485 + 0?
3485
In base 5, what is 3 - 41342?
-41334
In base 9, what is 22 + 21?
43
In base 10, what is -512 - 4?
-516
In base 13, what is 299 - 2?
297
In base 8, what is 6 - 106?
-100
In base 15, what is -33e - -2?
-33c
In base 6, what is 5 + 4202?
4211
In base 15, what is 3b - 5?
36
In base 13, what is 115 - -2?
117
In base 6, what is 153154 - 2?
153152
In base 2, what is -1010 + -101000000?
-101001010
In base 8, what is -13 + 37?
24
In base 8, what is -3606 - -5?
-3601
In base 14, what is 201 - -32?
233
In base 4, what is 112210 - 11?
112133
In base 9, what is 141 - -78?
230
In base 4, what is -122221 + -11?
-122232
In base 14, what is 1896 - -2?
1898
In base 15, what is 81 - a5?
-24
In base 3, what is 11 - -21200?
21211
In base 8, what is 20 - -15?
35
In base 15, what is 23 + 78?
9b
In base 16, what is -1267 - -5?
-1262
In base 4, what is -1 - 331?
-332
In base 13, what is 11 - 5?
9
In base 4, what is -100 - -1332?
1232
In base 11, what is -528 + 3?
-525
In base 12, what is -2a + -1a?
-48
In base 10, what is -1 - -100?
99
In base 14, what is -7b + 82?
5
In base 4, what is -20 + 1023202?
1023122
In base 3, what is -12 + -102212?
-110001
In base 7, what is 35 - 2463?
-2425
In base 2, what is 110 - 100101?
-11111
In base 8, what is 22246 - 4?
22242
In base 10, what is -1 - -515?
514
In base 10, what is 290 + -14?
276
In base 15, what is 10d - -3?
111
In base 12, what is -b + -128?
-137
In base 8, what is 4 - -1273?
1277
In base 8, what is -3 - -635?
632
In base 2, what is -11 + 11?
0
In base 3, what is 2022 + 22?
2121
In base 2, what is -100110 + 1100?
-11010
In base 4, what is -30 + -13?
-103
In base 4, what is -2302 + -113?
-3021
In base 2, what is 1 - -1010010110?
1010010111
In base 9, what is -83 + 14?
-68
In base 8, what is 255 - -2?
257
In base 3, what is 0 + 1001010?
1001010
In base 5, what is -142 + 10?
-132
In base 6, what is 15 + -234?
-215
In base 11, what is -14 - 196?
-1aa
In base 12, what is -662 + -3?
-665
In base 9, what is -1 - -612?
611
In base 11, what is -46 + 34?
-12
In base 4, what is -3102 - -2?
-3100
In base 8, what is -144 - -7?
-135
In base 10, what is -2 - 79?
-81
In base 2, what is -100 + -10110?
-11010
In base 11, what is 4 - -2?
6
In base 13, what is 22 + -23?
-1
In base 8, what is 15 - -3?
20
In base 7, what is -11306 + 4?
-11302
In base 4, what is 313 + 11?
330
In base 16, what is -c + -297?
-2a3
In base 8, what is -5235 + -2?
-5237
In base 7, what is -402 + 3?
-366
In base 12, what is 8 - 1b0?
-1a4
In base 2, what is 1110 + -1000110?
-111000
In base 3, what is -10012211001 + 11?
-10012210220
In base 2, what is -10 - -10000011110?
10000011100
In base 14, what is 3 + 151?
154
In base 13, what is -8c + 0?
-8c
In base 10, what is 27645 - -5?
27650
In base 11, what is -288 + -15?
-2a2
In base 14, what is -143 - -5?
-13c
In base 9, what is 1283 - 8?
1274
In base 7, what is -2113 + -3?
-2116
In base 11, what is 144 - a2?
52
In base 13, what is -37 - -a?
-2a
In base 14, what is 2d + 5?
34
In base 15, what is 48 + 8b?
d4
In base 7, what is 5430 + -5?
5422
In base 8, what is -11563 + 4?
-11557
In base 2, what is 1010 + 10100100?
10101110
In base 16, what is -4 + -1a?
-1e
In base 14, what is -111 + -3?
-114
In base 8, what is 51 + -1?
50
In base 9, what is 1284 + -6?
1277
In base 6, what is 20 - -3132?
3152
In base 12, what is -2156 - 2?
-2158
In base 3, what is -10210 + -11?
-10221
In base 5, what is 32203 - 4?
32144
In base 5, what is 42 - 111?
-14
In base 8, what is -761 + -5?
-766
In base 14, what is 52 + 18?
6a
In base 8, what is 2 + -50?
-46
In base 15, what is -1b + 2c?
11
In base 16, what is 1fc7 + 0?
1fc7
In base 4, what is -31010 + -3?
-31013
In base 12, what is -34a + 1?
-349
In base 2, what is 101110 - 110100?
-110
In base 6, what is 43 + 3?
50
In base 2, what is -10001 - 1001100?
-1011101
In base 13, what is -1 - 91?
-92
In base 5, what is -4103403 - -4?
-4103344
In base 15, what is -3 - 30